{"id":16,"date":"2013-12-10T22:51:22","date_gmt":"2013-12-10T21:51:22","guid":{"rendered":"http:\/\/www.jongnederlandbakel.nl\/?page_id=16"},"modified":"2023-11-08T19:00:39","modified_gmt":"2023-11-08T18:00:39","slug":"accommodaties","status":"publish","type":"page","link":"https:\/\/www.jongnederlandbakel.nl\/?page_id=16","title":{"rendered":"Accommodaties"},"content":{"rendered":"<p><strong>Blokhut<\/strong><\/p>\n<p>Onze blokhut (&#8217;t Jeugdhuis) is gelegen aan de rand van Bakel, op loopafstand van het centrum, vlakbij de bossen, de Groene Long en de Zandse Berg.<br \/>\nEr zijn dus volop mogelijkheden om lekker met de kinderen naar buiten te gaan. &#8217;t Jeugdhuis zelf bestaat uit \u00e9\u00e9n grote zaal, die door middel van een schuifwand in twee grote en \u00e9\u00e9n kleinere zaal te verdelen is. Daarnaast zijn er een stafkamer, een keuken, twee toiletruimtes en een doucheruimte aanwezig.<\/p>\n<p>&#8217;t Jeugdhuis is gelegen aan de Bernhardstraat 20 5761 BJ Bakel<br \/>\n<b><br \/>\n<\/b><b>Wij verhuren onze blokhut alleen aan georganiseerd Jeugdwerk, dus onze blokhut is niet beschikbaar voor familieaangelegenheden.<\/b><\/p>\n<p><b><br \/>\n<\/b><strong>Kampterrein<\/strong><\/p>\n<p>Sinds 2005, hebben we een nieuw kampterrein, genaamd &#8220;Buitencentrum Kuundertseheide&#8221;. Dit is gelegen aan de Kuundertseheide 4, aan de rand van Bakel, vlakbij een bos.&nbsp;<\/p>\n<p>&nbsp;<\/p>\n<p>Voor meer informatie of een prijsopgave kun je een mail sturen naar:&nbsp;<a href=\"mailto:accommodaties@jongnederlandbakel.nl\">accommodaties@jongnederlandbakel.nl<\/a>.<\/p>\n<p>&nbsp;<\/p>\n","protected":false},"excerpt":{"rendered":"<p>Blokhut Onze blokhut (&#8217;t Jeugdhuis) is gelegen aan de rand van Bakel, op loopafstand van het centrum, vlakbij de bossen, de Groene Long en de Zandse Berg. Er zijn dus volop mogelijkheden om lekker&#46;&#46;&#46;<\/p>\n","protected":false},"author":1,"featured_media":0,"parent":0,"menu_order":2,"comment_status":"closed","ping_status":"closed","template":"","meta":{"_mi_skip_tracking":false,"ngg_post_thumbnail":0},"_links":{"self":[{"href":"https:\/\/www.jongnederlandbakel.nl\/index.php?rest_route=\/wp\/v2\/pages\/16"}],"collection":[{"href":"https:\/\/www.jongnederlandbakel.nl\/index.php?rest_route=\/wp\/v2\/pages"}],"about":[{"href":"https:\/\/www.jongnederlandbakel.nl\/index.php?rest_route=\/wp\/v2\/types\/page"}],"author":[{"embeddable":true,"href":"https:\/\/www.jongnederlandbakel.nl\/index.php?rest_route=\/wp\/v2\/users\/1"}],"replies":[{"embeddable":true,"href":"https:\/\/www.jongnederlandbakel.nl\/index.php?rest_route=%2Fwp%2Fv2%2Fcomments&post=16"}],"version-history":[{"count":16,"href":"https:\/\/www.jongnederlandbakel.nl\/index.php?rest_route=\/wp\/v2\/pages\/16\/revisions"}],"predecessor-version":[{"id":2200,"href":"https:\/\/www.jongnederlandbakel.nl\/index.php?rest_route=\/wp\/v2\/pages\/16\/revisions\/2200"}],"wp:attachment":[{"href":"https:\/\/www.jongnederlandbakel.nl\/index.php?rest_route=%2Fwp%2Fv2%2Fmedia&parent=16"}],"curies":[{"name":"wp","href":"https:\/\/api.w.org\/{rel}","templated":true}]}}